{"id":31760,"date":"2022-06-23T02:43:57","date_gmt":"2022-06-23T00:43:57","guid":{"rendered":"http:\/\/kiandra.hu\/targonca\/?page_id=31760"},"modified":"2025-05-19T13:07:21","modified_gmt":"2025-05-19T11:07:21","slug":"szechenyi-tamogatas","status":"publish","type":"page","link":"https:\/\/kiandra.hu\/targonca\/szechenyi-tamogatas\/","title":{"rendered":"Sz\u00e9chenyi t\u00e1mogat\u00e1s"},"content":{"rendered":"<p>[vc_row type=&#8221;1&#8243; bg_color=&#8221;rgba(255,255,255,0.01)&#8221; bg_repeat=&#8221;repeat&#8221;][vc_column width=&#8221;1\/3&#8243;][vc_empty_space height=&#8221;40px&#8221;][vc_single_image image=&#8221;31758&#8243; img_size=&#8221;full&#8221;][vc_empty_space height=&#8221;40px&#8221;][vc_column_text]<\/p>\n<h4><strong>KIANDRA TARGO KFT.<\/strong><\/h4>\n<p>[\/vc_column_text][vc_empty_space height=&#8221;8px&#8221;]<div class=\"hr-thin style-dashed accent-border-color\" style=\"width: 100%;\"><\/div>[vc_empty_space height=&#8221;16px&#8221;][vc_column_text]<strong><span class=\"color-title\">Telephely \u00e9s Sz\u00e9khely:<\/span><\/strong><br \/>\n2316 T\u00f6k\u00f6l Cs\u00e9pi \u00fat hrsz. 2644\/9<br \/>\n<strong><span class=\"color-title\">GPS koordin\u00e1t\u00e1k:<\/span><\/strong><br \/>\n\u00c947,3326932\u00a0\u00a0K19,0100099<br \/>\n[\/vc_column_text][vc_empty_space height=&#8221;16px&#8221;][vc_column_text]<strong><span class=\"color-title\">Postac\u00edm:<\/span><\/strong><br \/>\n2313 Szigetszentmikl\u00f3s, Pf.: 36.[\/vc_column_text][vc_empty_space height=&#8221;16px&#8221;][vc_column_text]<strong><span class=\"color-title\">Telephely\u00fcnk nyitvatart\u00e1sa:<\/span><\/strong><br \/>\nH\u00e9tf\u0151\u00a0\u2013 P\u00e9ntek\u00a007:30 \u2013 16:00[\/vc_column_text][vc_empty_space height=&#8221;16px&#8221;][\/vc_column][vc_column width=&#8221;2\/3&#8243;][vc_empty_space height=&#8221;40&#8243;][vc_column_text]<\/p>\n<ul>\n<li><strong>Kedvezm\u00e9nyezett neve:<\/strong> Kiandra Targo Kft.<\/li>\n<li><strong>Projekt c\u00edme:<\/strong> A Kiandra Targo Kft. t\u00e1mogatott fejleszt\u00e9se<\/li>\n<li><strong>Szerz\u0151d\u00f6tt t\u00e1mogat\u00e1s \u00f6sszege:<\/strong> 36 500 000 Ft<\/li>\n<li><strong>T\u00e1mogat\u00e1s m\u00e9rt\u00e9ke:<\/strong> 65,58%<\/li>\n<li><strong>Projekt befejez\u00e9si d\u00e1tuma:<\/strong> 2022.02.11<\/li>\n<li><strong>Projekt azonos\u00edt\u00f3 sz\u00e1ma:<\/strong> VEKOP-1.2.6-20-2020-00061<\/li>\n<\/ul>\n<hr \/>\n<p><strong>A projekt az al\u00e1bbi beruh\u00e1z\u00e1sokat tartalmazta:<\/strong><\/p>\n<ul>\n<li>m\u0171hely klimatiz\u00e1l\u00e1s<\/li>\n<li>napelemrendszer telep\u00edt\u00e9se<\/li>\n<li>1 db mobilpr\u00e9s beszerz\u00e9se<\/li>\n<li>1 db akkumul\u00e1tor regener\u00e1l\u00f3 beszerz\u00e9se<\/li>\n<li>1 db szerver beszerz\u00e9se<\/li>\n<li>1 db hegeszt\u0151berendez\u00e9s beszerz\u00e9se<\/li>\n<li>1 db eszterga beszerz\u00e9se<\/li>\n<\/ul>\n<p>Megt\u00f6rt\u00e9nt a beruh\u00e1z\u00e1s megval\u00f3s\u00edt\u00e1sa. A sz\u00e1ml\u00e1k kifizet\u00e9s\u00e9n \u00e9s a g\u00e9pek \u00fczembe helyez\u00e9s\u00e9n szint\u00e9n t\u00fal vagyunk. A projekt fizikai k\u00e9sz\u00fclts\u00e9ge: 100%. A projekt p\u00e9nz\u00fcgyi k\u00e9sz\u00fclts\u00e9ge: 100%. A kib\u0151v\u00fclt eszk\u00f6z\u00e1llom\u00e1ny seg\u00edts\u00e9g\u00e9vel v\u00e1llalkoz\u00e1sunk t\u00f6bb megrendel\u00e9st tud teljes\u00edteni, kapacit\u00e1sunk n\u00f6vekszik. A t\u00f6bb megrendel\u00e9s n\u00f6veli a Kiandra Targo Kft. munkahely megtart\u00f3 k\u00e9pess\u00e9g\u00e9t a magasabb \u00e1rbev\u00e9tel el\u00e9r\u00e9se \u00e1ltal.<\/p>\n<p>[\/vc_column_text][vc_empty_space height=&#8221;25px&#8221;][\/vc_column][\/vc_row][vc_row][vc_column][vc_single_image image=&#8221;31772&#8243; img_size=&#8221;full&#8221; alignment=&#8221;center&#8221; onclick=&#8221;link_image&#8221;][\/vc_column][\/vc_row]<\/p>\n","protected":false},"excerpt":{"rendered":"<p>[vc_row type=&#8221;1&#8243; bg_color=&#8221;rgba(255,255,255,0.01)&#8221; bg_repeat=&#8221;repeat&#8221;][vc_column width=&#8221;1\/3&#8243;][vc_empty_space height=&#8221;40px&#8221;][vc_single_image image=&#8221;31758&#8243; img_size=&#8221;full&#8221;][vc_empty_space height=&#8221;40px&#8221;][vc_column_text] KIANDRA TARGO KFT. [\/vc_column_text][vc_empty_space height=&#8221;8px&#8221;][vc_empty_space height=&#8221;16px&#8221;][vc_column_text]Telephely \u00e9s Sz\u00e9khely: 2316 T\u00f6k\u00f6l Cs\u00e9pi \u00fat hrsz. 2644\/9 GPS koordin\u00e1t\u00e1k: \u00c947,3326932\u00a0\u00a0K19,0100099 [\/vc_column_text][vc_empty_space height=&#8221;16px&#8221;][vc_column_text]Postac\u00edm: 2313 Szigetszentmikl\u00f3s, Pf.: 36.[\/vc_column_text][vc_empty_space height=&#8221;16px&#8221;][vc_column_text]Telephely\u00fcnk nyitvatart\u00e1sa: H\u00e9tf\u0151\u00a0\u2013 P\u00e9ntek\u00a007:30 \u2013 16:00[\/vc_column_text][vc_empty_space height=&#8221;16px&#8221;][\/vc_column][vc_column width=&#8221;2\/3&#8243;][vc_empty_space height=&#8221;40&#8243;][vc_column_text] Kedvezm\u00e9nyezett neve: Kiandra Targo Kft. Projekt c\u00edme: A Kiandra Targo Kft. t\u00e1mogatott fejleszt\u00e9se Szerz\u0151d\u00f6tt&hellip;<\/p>\n","protected":false},"author":1,"featured_media":0,"parent":0,"menu_order":10,"comment_status":"closed","ping_status":"closed","template":"","meta":{"footnotes":""},"class_list":["post-31760","page","type-page","status-publish","hentry","description-off"],"yoast_head":"<!-- This site is optimized with the Yoast SEO plugin v26.8 - https:\/\/yoast.com\/product\/yoast-seo-wordpress\/ -->\n<title>Sz\u00e9chenyi t\u00e1mogat\u00e1s - KIANDRA<\/title>\n<meta name=\"robots\" content=\"index, follow, max-snippet:-1, max-image-preview:large, max-video-preview:-1\" \/>\n<link rel=\"canonical\" href=\"https:\/\/kiandra.hu\/targonca\/szechenyi-tamogatas\/\" \/>\n<meta property=\"og:locale\" content=\"hu_HU\" \/>\n<meta property=\"og:type\" content=\"article\" \/>\n<meta property=\"og:title\" content=\"Sz\u00e9chenyi t\u00e1mogat\u00e1s - KIANDRA\" \/>\n<meta property=\"og:description\" content=\"[vc_row type=&#8221;1&#8243; bg_color=&#8221;rgba(255,255,255,0.01)&#8221; bg_repeat=&#8221;repeat&#8221;][vc_column width=&#8221;1\/3&#8243;][vc_empty_space height=&#8221;40px&#8221;][vc_single_image image=&#8221;31758&#8243; img_size=&#8221;full&#8221;][vc_empty_space height=&#8221;40px&#8221;][vc_column_text] KIANDRA TARGO KFT. [\/vc_column_text][vc_empty_space height=&#8221;8px&#8221;][vc_empty_space height=&#8221;16px&#8221;][vc_column_text]Telephely \u00e9s Sz\u00e9khely: 2316 T\u00f6k\u00f6l Cs\u00e9pi \u00fat hrsz. 2644\/9 GPS koordin\u00e1t\u00e1k: \u00c947,3326932\u00a0\u00a0K19,0100099 [\/vc_column_text][vc_empty_space height=&#8221;16px&#8221;][vc_column_text]Postac\u00edm: 2313 Szigetszentmikl\u00f3s, Pf.: 36.[\/vc_column_text][vc_empty_space height=&#8221;16px&#8221;][vc_column_text]Telephely\u00fcnk nyitvatart\u00e1sa: H\u00e9tf\u0151\u00a0\u2013 P\u00e9ntek\u00a007:30 \u2013 16:00[\/vc_column_text][vc_empty_space height=&#8221;16px&#8221;][\/vc_column][vc_column width=&#8221;2\/3&#8243;][vc_empty_space height=&#8221;40&#8243;][vc_column_text] Kedvezm\u00e9nyezett neve: Kiandra Targo Kft. Projekt c\u00edme: A Kiandra Targo Kft. t\u00e1mogatott fejleszt\u00e9se Szerz\u0151d\u00f6tt&hellip;\" \/>\n<meta property=\"og:url\" content=\"https:\/\/kiandra.hu\/targonca\/szechenyi-tamogatas\/\" \/>\n<meta property=\"og:site_name\" content=\"KIANDRA\" \/>\n<meta property=\"article:publisher\" content=\"https:\/\/www.facebook.com\/profile.php?id=100068873117705\" \/>\n<meta property=\"article:modified_time\" content=\"2025-05-19T11:07:21+00:00\" \/>\n<meta name=\"twitter:card\" content=\"summary_large_image\" \/>\n<meta name=\"twitter:label1\" content=\"Becs\u00fclt olvas\u00e1si id\u0151\" \/>\n\t<meta name=\"twitter:data1\" content=\"1 perc\" \/>\n<script type=\"application\/ld+json\" class=\"yoast-schema-graph\">{\"@context\":\"https:\/\/schema.org\",\"@graph\":[{\"@type\":\"WebPage\",\"@id\":\"https:\/\/kiandra.hu\/targonca\/szechenyi-tamogatas\/\",\"url\":\"https:\/\/kiandra.hu\/targonca\/szechenyi-tamogatas\/\",\"name\":\"Sz\u00e9chenyi t\u00e1mogat\u00e1s - KIANDRA\",\"isPartOf\":{\"@id\":\"https:\/\/kiandra.hu\/targonca\/#website\"},\"datePublished\":\"2022-06-23T00:43:57+00:00\",\"dateModified\":\"2025-05-19T11:07:21+00:00\",\"breadcrumb\":{\"@id\":\"https:\/\/kiandra.hu\/targonca\/szechenyi-tamogatas\/#breadcrumb\"},\"inLanguage\":\"hu\",\"potentialAction\":[{\"@type\":\"ReadAction\",\"target\":[\"https:\/\/kiandra.hu\/targonca\/szechenyi-tamogatas\/\"]}]},{\"@type\":\"BreadcrumbList\",\"@id\":\"https:\/\/kiandra.hu\/targonca\/szechenyi-tamogatas\/#breadcrumb\",\"itemListElement\":[{\"@type\":\"ListItem\",\"position\":1,\"name\":\"F\u0151oldal\",\"item\":\"https:\/\/kiandra.hu\/targonca\/\"},{\"@type\":\"ListItem\",\"position\":2,\"name\":\"Sz\u00e9chenyi t\u00e1mogat\u00e1s\"}]},{\"@type\":\"WebSite\",\"@id\":\"https:\/\/kiandra.hu\/targonca\/#website\",\"url\":\"https:\/\/kiandra.hu\/targonca\/\",\"name\":\"KIANDRA\",\"description\":\"Targonca b\u00e9rl\u00e9s, szerviz, alkatr\u00e9szb\u00e1zis\",\"publisher\":{\"@id\":\"https:\/\/kiandra.hu\/targonca\/#organization\"},\"potentialAction\":[{\"@type\":\"SearchAction\",\"target\":{\"@type\":\"EntryPoint\",\"urlTemplate\":\"https:\/\/kiandra.hu\/targonca\/?s={search_term_string}\"},\"query-input\":{\"@type\":\"PropertyValueSpecification\",\"valueRequired\":true,\"valueName\":\"search_term_string\"}}],\"inLanguage\":\"hu\"},{\"@type\":\"Organization\",\"@id\":\"https:\/\/kiandra.hu\/targonca\/#organization\",\"name\":\"Kiandra Targo Kft.\",\"url\":\"https:\/\/kiandra.hu\/targonca\/\",\"logo\":{\"@type\":\"ImageObject\",\"inLanguage\":\"hu\",\"@id\":\"https:\/\/kiandra.hu\/targonca\/#\/schema\/logo\/image\/\",\"url\":\"https:\/\/kiandra.hu\/targonca\/wp-content\/uploads\/2016\/09\/kiandra_logo_big.png\",\"contentUrl\":\"https:\/\/kiandra.hu\/targonca\/wp-content\/uploads\/2016\/09\/kiandra_logo_big.png\",\"width\":701,\"height\":397,\"caption\":\"Kiandra Targo Kft.\"},\"image\":{\"@id\":\"https:\/\/kiandra.hu\/targonca\/#\/schema\/logo\/image\/\"},\"sameAs\":[\"https:\/\/www.facebook.com\/profile.php?id=100068873117705\",\"https:\/\/www.instagram.com\/kiandra_targo\/\",\"https:\/\/www.youtube.com\/@kiandratargokft\"]}]}<\/script>\n<!-- \/ Yoast SEO plugin. -->","yoast_head_json":{"title":"Sz\u00e9chenyi t\u00e1mogat\u00e1s - KIANDRA","robots":{"index":"index","follow":"follow","max-snippet":"max-snippet:-1","max-image-preview":"max-image-preview:large","max-video-preview":"max-video-preview:-1"},"canonical":"https:\/\/kiandra.hu\/targonca\/szechenyi-tamogatas\/","og_locale":"hu_HU","og_type":"article","og_title":"Sz\u00e9chenyi t\u00e1mogat\u00e1s - KIANDRA","og_description":"[vc_row type=&#8221;1&#8243; bg_color=&#8221;rgba(255,255,255,0.01)&#8221; bg_repeat=&#8221;repeat&#8221;][vc_column width=&#8221;1\/3&#8243;][vc_empty_space height=&#8221;40px&#8221;][vc_single_image image=&#8221;31758&#8243; img_size=&#8221;full&#8221;][vc_empty_space height=&#8221;40px&#8221;][vc_column_text] KIANDRA TARGO KFT. [\/vc_column_text][vc_empty_space height=&#8221;8px&#8221;][vc_empty_space height=&#8221;16px&#8221;][vc_column_text]Telephely \u00e9s Sz\u00e9khely: 2316 T\u00f6k\u00f6l Cs\u00e9pi \u00fat hrsz. 2644\/9 GPS koordin\u00e1t\u00e1k: \u00c947,3326932\u00a0\u00a0K19,0100099 [\/vc_column_text][vc_empty_space height=&#8221;16px&#8221;][vc_column_text]Postac\u00edm: 2313 Szigetszentmikl\u00f3s, Pf.: 36.[\/vc_column_text][vc_empty_space height=&#8221;16px&#8221;][vc_column_text]Telephely\u00fcnk nyitvatart\u00e1sa: H\u00e9tf\u0151\u00a0\u2013 P\u00e9ntek\u00a007:30 \u2013 16:00[\/vc_column_text][vc_empty_space height=&#8221;16px&#8221;][\/vc_column][vc_column width=&#8221;2\/3&#8243;][vc_empty_space height=&#8221;40&#8243;][vc_column_text] Kedvezm\u00e9nyezett neve: Kiandra Targo Kft. Projekt c\u00edme: A Kiandra Targo Kft. t\u00e1mogatott fejleszt\u00e9se Szerz\u0151d\u00f6tt&hellip;","og_url":"https:\/\/kiandra.hu\/targonca\/szechenyi-tamogatas\/","og_site_name":"KIANDRA","article_publisher":"https:\/\/www.facebook.com\/profile.php?id=100068873117705","article_modified_time":"2025-05-19T11:07:21+00:00","twitter_card":"summary_large_image","twitter_misc":{"Becs\u00fclt olvas\u00e1si id\u0151":"1 perc"},"schema":{"@context":"https:\/\/schema.org","@graph":[{"@type":"WebPage","@id":"https:\/\/kiandra.hu\/targonca\/szechenyi-tamogatas\/","url":"https:\/\/kiandra.hu\/targonca\/szechenyi-tamogatas\/","name":"Sz\u00e9chenyi t\u00e1mogat\u00e1s - KIANDRA","isPartOf":{"@id":"https:\/\/kiandra.hu\/targonca\/#website"},"datePublished":"2022-06-23T00:43:57+00:00","dateModified":"2025-05-19T11:07:21+00:00","breadcrumb":{"@id":"https:\/\/kiandra.hu\/targonca\/szechenyi-tamogatas\/#breadcrumb"},"inLanguage":"hu","potentialAction":[{"@type":"ReadAction","target":["https:\/\/kiandra.hu\/targonca\/szechenyi-tamogatas\/"]}]},{"@type":"BreadcrumbList","@id":"https:\/\/kiandra.hu\/targonca\/szechenyi-tamogatas\/#breadcrumb","itemListElement":[{"@type":"ListItem","position":1,"name":"F\u0151oldal","item":"https:\/\/kiandra.hu\/targonca\/"},{"@type":"ListItem","position":2,"name":"Sz\u00e9chenyi t\u00e1mogat\u00e1s"}]},{"@type":"WebSite","@id":"https:\/\/kiandra.hu\/targonca\/#website","url":"https:\/\/kiandra.hu\/targonca\/","name":"KIANDRA","description":"Targonca b\u00e9rl\u00e9s, szerviz, alkatr\u00e9szb\u00e1zis","publisher":{"@id":"https:\/\/kiandra.hu\/targonca\/#organization"},"potentialAction":[{"@type":"SearchAction","target":{"@type":"EntryPoint","urlTemplate":"https:\/\/kiandra.hu\/targonca\/?s={search_term_string}"},"query-input":{"@type":"PropertyValueSpecification","valueRequired":true,"valueName":"search_term_string"}}],"inLanguage":"hu"},{"@type":"Organization","@id":"https:\/\/kiandra.hu\/targonca\/#organization","name":"Kiandra Targo Kft.","url":"https:\/\/kiandra.hu\/targonca\/","logo":{"@type":"ImageObject","inLanguage":"hu","@id":"https:\/\/kiandra.hu\/targonca\/#\/schema\/logo\/image\/","url":"https:\/\/kiandra.hu\/targonca\/wp-content\/uploads\/2016\/09\/kiandra_logo_big.png","contentUrl":"https:\/\/kiandra.hu\/targonca\/wp-content\/uploads\/2016\/09\/kiandra_logo_big.png","width":701,"height":397,"caption":"Kiandra Targo Kft."},"image":{"@id":"https:\/\/kiandra.hu\/targonca\/#\/schema\/logo\/image\/"},"sameAs":["https:\/\/www.facebook.com\/profile.php?id=100068873117705","https:\/\/www.instagram.com\/kiandra_targo\/","https:\/\/www.youtube.com\/@kiandratargokft"]}]}},"_links":{"self":[{"href":"https:\/\/kiandra.hu\/targonca\/wp-json\/wp\/v2\/pages\/31760","targetHints":{"allow":["GET"]}}],"collection":[{"href":"https:\/\/kiandra.hu\/targonca\/wp-json\/wp\/v2\/pages"}],"about":[{"href":"https:\/\/kiandra.hu\/targonca\/wp-json\/wp\/v2\/types\/page"}],"author":[{"embeddable":true,"href":"https:\/\/kiandra.hu\/targonca\/wp-json\/wp\/v2\/users\/1"}],"replies":[{"embeddable":true,"href":"https:\/\/kiandra.hu\/targonca\/wp-json\/wp\/v2\/comments?post=31760"}],"version-history":[{"count":10,"href":"https:\/\/kiandra.hu\/targonca\/wp-json\/wp\/v2\/pages\/31760\/revisions"}],"predecessor-version":[{"id":31940,"href":"https:\/\/kiandra.hu\/targonca\/wp-json\/wp\/v2\/pages\/31760\/revisions\/31940"}],"wp:attachment":[{"href":"https:\/\/kiandra.hu\/targonca\/wp-json\/wp\/v2\/media?parent=31760"}],"curies":[{"name":"wp","href":"https:\/\/api.w.org\/{rel}","templated":true}]}}